{"id":282,"date":"2026-01-25T23:18:05","date_gmt":"2026-01-25T23:18:05","guid":{"rendered":"https:\/\/promigo.ee\/home\/"},"modified":"2026-01-25T23:18:42","modified_gmt":"2026-01-25T23:18:42","slug":"home","status":"publish","type":"page","link":"https:\/\/www.promigo.ee\/","title":{"rendered":"Home"},"content":{"rendered":"\n<div class=\"wp-block-uagb-container uagb-block-1e5d1737 alignfull uagb-is-root-container\"><div class=\"uagb-container-inner-blocks-wrap\">\n<div class=\"wp-block-uagb-info-box uagb-block-cc9d733a uagb-infobox__content-wrap  uagb-infobox-icon-above-title uagb-infobox-image-valign-top\"><div class=\"uagb-ifb-content\"><div class=\"uagb-ifb-title-wrap\"><h1 class=\"uagb-ifb-title\">Professionaalsed ehitusteenused igas suuruses<\/h1><\/div><p class=\"uagb-ifb-desc\">Pakume kvaliteetseid ehitusteenuseid, et rahuldada iga kliendi vajadusi ja soovide. Usaldage meie kogemust ehitusvaldkonnas.<\/p><div class=\"uagb-ifb-button-wrapper wp-block-button\"><a href=\"\/contact\" class=\"uagb-infobox-cta-link wp-block-button__link\" target=\"_self\" rel=\"noopener noreferrer\" onclick=\"return true;\"><span class=\"uagb-inline-editing\">K\u00fcsi pakkumist<\/span><\/a><\/div><\/div><\/div>\n<\/div><\/div>\n\n\n\n<div class=\"wp-block-uagb-container uagb-block-da6f24cd alignfull uagb-is-root-container\"><div class=\"uagb-container-inner-blocks-wrap\">\n<div class=\"wp-block-uagb-advanced-heading uagb-block-c8330bd6\"><p class=\"uagb-desc-text\">Meist<\/p><h2 class=\"uagb-heading-text\">Usaldusv\u00e4\u00e4rne partner ehitusturul alates 2013. aastast<\/h2><\/div>\n\n\n\n<div class=\"wp-block-uagb-container uagb-block-29c74af9\">\n<div class=\"wp-block-uagb-advanced-heading uagb-block-23c95072\"><p class=\"uagb-heading-text\">Promigo O\u00dc on p\u00fchendunud kvaliteedi ja kliendirahulolu tagamisele. Meie meeskond koosneb ekspertidest, kellel on \u00fcle 15 aasta kogemust.<\/p><\/div>\n\n\n\n<div class=\"wp-block-uagb-advanced-heading uagb-block-af8e0f11\"><p class=\"uagb-heading-text\">Olemasolevad projektijuhid on t\u00f6\u00f6tanud Soomes ja Rootsis, mist\u00f5ttu m\u00f5istame rahvusvahelisi ehitustavasid ning n\u00f5udeid.<\/p><\/div>\n<\/div>\n\n\n\n<div class=\"wp-block-uagb-container uagb-block-75936b61\">\n<div class=\"wp-block-uagb-image uagb-block-3cc927cb wp-block-uagb-image--layout-default wp-block-uagb-image--effect-static wp-block-uagb-image--align-none\"><figure class=\"wp-block-uagb-image__figure\"><img decoding=\"async\" srcset=\"https:\/\/promigo.ee\/wp-content\/uploads\/2026\/01\/IMG_20230821_121803-scaled.jpg ,https:\/\/promigo.ee\/wp-content\/uploads\/2026\/01\/IMG_20230821_121803-scaled.jpg 780w, https:\/\/promigo.ee\/wp-content\/uploads\/2026\/01\/IMG_20230821_121803-scaled.jpg 360w\" sizes=\"auto, (max-width: 480px) 150px\" src=\"https:\/\/promigo.ee\/wp-content\/uploads\/2026\/01\/IMG_20230821_121803-scaled.jpg\" alt=\"IMG 20230821 121803 Scaled\" class=\"uag-image-23\" width=\"182\" height=\"250\" title=\"about-02\" loading=\"lazy\" role=\"img\"><\/figure><\/div>\n\n\n\n<div class=\"wp-block-uagb-image uagb-block-c2d11615 wp-block-uagb-image--layout-default wp-block-uagb-image--effect-static wp-block-uagb-image--align-none\"><figure class=\"wp-block-uagb-image__figure\"><img decoding=\"async\" srcset=\"https:\/\/promigo.ee\/wp-content\/uploads\/2026\/01\/IMG_20191108_081519-scaled.jpg ,https:\/\/promigo.ee\/wp-content\/uploads\/2026\/01\/IMG_20191108_081519-scaled.jpg 780w, https:\/\/promigo.ee\/wp-content\/uploads\/2026\/01\/IMG_20191108_081519-scaled.jpg 360w\" sizes=\"auto, (max-width: 480px) 150px\" src=\"https:\/\/promigo.ee\/wp-content\/uploads\/2026\/01\/IMG_20191108_081519-scaled.jpg\" alt=\"IMG 20191108 081519 Scaled\" class=\"uag-image-24\" width=\"234\" height=\"200\" title=\"about-03\" loading=\"lazy\" role=\"img\"><\/figure><\/div>\n\n\n\n<div class=\"wp-block-uagb-image uagb-block-d8e6d73b wp-block-uagb-image--layout-default wp-block-uagb-image--effect-static wp-block-uagb-image--align-none\"><figure class=\"wp-block-uagb-image__figure\"><img decoding=\"async\" srcset=\"https:\/\/promigo.ee\/wp-content\/uploads\/2026\/01\/IMG_20220502_162513-scaled.jpg ,https:\/\/promigo.ee\/wp-content\/uploads\/2026\/01\/IMG_20220502_162513-scaled.jpg 780w, https:\/\/promigo.ee\/wp-content\/uploads\/2026\/01\/IMG_20220502_162513-scaled.jpg 360w\" sizes=\"auto, (max-width: 480px) 150px\" src=\"https:\/\/promigo.ee\/wp-content\/uploads\/2026\/01\/IMG_20220502_162513-scaled.jpg\" alt=\"IMG 20220502 162513 Scaled\" class=\"uag-image-22\" width=\"380\" height=\"300\" title=\"about-04\" loading=\"lazy\" role=\"img\"><\/figure><\/div>\n\n\n\n<div class=\"wp-block-uagb-image uagb-block-179773c1 wp-block-uagb-image--layout-default wp-block-uagb-image--effect-static wp-block-uagb-image--align-none\"><figure class=\"wp-block-uagb-image__figure\"><img decoding=\"async\" srcset=\"https:\/\/promigo.ee\/wp-content\/uploads\/2026\/01\/IMG_20210930_184145-scaled.jpg ,https:\/\/promigo.ee\/wp-content\/uploads\/2026\/01\/IMG_20210930_184145-scaled.jpg 780w, https:\/\/promigo.ee\/wp-content\/uploads\/2026\/01\/IMG_20210930_184145-scaled.jpg 360w\" sizes=\"auto, (max-width: 480px) 150px\" src=\"https:\/\/promigo.ee\/wp-content\/uploads\/2026\/01\/IMG_20210930_184145-scaled.jpg\" alt=\"IMG 20210930 184145 Scaled\" class=\"uag-image-21\" width=\"330\" height=\"200\" title=\"about-01\" loading=\"lazy\" role=\"img\"><\/figure><\/div>\n<\/div>\n<\/div><\/div>\n\n\n\n<div class=\"wp-block-uagb-container uagb-block-e8fc30f4 alignfull uagb-is-root-container\"><div class=\"uagb-container-inner-blocks-wrap\">\n<div class=\"wp-block-uagb-separator uagb-block-c890a0e3\"><div class=\"uagb-separator-spacing-wrapper\"><div class=\"wp-block-uagb-separator__inner\" style=\"--my-background-image:\"><\/div><\/div><\/div>\n\n\n\n<div class=\"wp-block-uagb-advanced-heading uagb-block-4f6acc49\"><p class=\"uagb-desc-text\">Meie teenused<\/p><h2 class=\"uagb-heading-text\">\u00dcldehitus, katuse- ja fassaadit\u00f6\u00f6d<\/h2><\/div>\n\n\n\n<div class=\"wp-block-uagb-container uagb-block-1e00a9da\">\n<div class=\"wp-block-uagb-image uagb-block-2acfa94e wp-block-uagb-image--layout-default wp-block-uagb-image--effect-static wp-block-uagb-image--align-none\"><figure class=\"wp-block-uagb-image__figure\"><img decoding=\"async\" srcset=\"https:\/\/promigo.ee\/wp-content\/uploads\/2026\/01\/IMG_20200110_124305-scaled.jpg ,https:\/\/promigo.ee\/wp-content\/uploads\/2026\/01\/IMG_20200110_124305-scaled.jpg 780w, https:\/\/promigo.ee\/wp-content\/uploads\/2026\/01\/IMG_20200110_124305-scaled.jpg 360w\" sizes=\"auto, (max-width: 480px) 150px\" src=\"https:\/\/promigo.ee\/wp-content\/uploads\/2026\/01\/IMG_20200110_124305-scaled.jpg\" alt=\"IMG 20200110 124305 Scaled\" class=\"uag-image-19\" width=\"384\" height=\"290\" title=\"services-01\" loading=\"lazy\" role=\"img\"><\/figure><\/div>\n\n\n\n<div class=\"wp-block-uagb-info-box uagb-block-8bca7b86 uagb-infobox__content-wrap  uagb-infobox-icon-above-title uagb-infobox-image-valign-top\"><div class=\"uagb-ifb-content\"><div class=\"uagb-ifb-title-wrap\"><span class=\"uagb-ifb-title-prefix\">01<\/span><h3 class=\"uagb-ifb-title\">\u00dcldehitus<\/h3><\/div><p class=\"uagb-ifb-desc\">Pakume laia valikut \u00fcldehitusteenuseid, mis katab k\u00f5ik teie vajadused.<\/p><\/div><\/div>\n<\/div>\n\n\n\n<div class=\"wp-block-uagb-container uagb-block-c6ae55bb\">\n<div class=\"wp-block-uagb-image uagb-block-937370bc wp-block-uagb-image--layout-default wp-block-uagb-image--effect-static wp-block-uagb-image--align-none\"><figure class=\"wp-block-uagb-image__figure\"><img decoding=\"async\" srcset=\"https:\/\/promigo.ee\/wp-content\/uploads\/2026\/01\/IMG_20191101_161115-scaled.jpg ,https:\/\/promigo.ee\/wp-content\/uploads\/2026\/01\/IMG_20191101_161115-scaled.jpg 780w, https:\/\/promigo.ee\/wp-content\/uploads\/2026\/01\/IMG_20191101_161115-scaled.jpg 360w\" sizes=\"auto, (max-width: 480px) 150px\" src=\"https:\/\/promigo.ee\/wp-content\/uploads\/2026\/01\/IMG_20191101_161115-scaled.jpg\" alt=\"IMG 20191101 161115 Scaled\" class=\"uag-image-18\" width=\"384\" height=\"290\" title=\"services-02\" loading=\"lazy\" role=\"img\"><\/figure><\/div>\n\n\n\n<div class=\"wp-block-uagb-info-box uagb-block-01946041 uagb-infobox__content-wrap  uagb-infobox-icon-above-title uagb-infobox-image-valign-top\"><div class=\"uagb-ifb-content\"><div class=\"uagb-ifb-title-wrap\"><span class=\"uagb-ifb-title-prefix\">02<\/span><h3 class=\"uagb-ifb-title\">Katuset\u00f6\u00f6d<\/h3><\/div><p class=\"uagb-ifb-desc\">Professionaalsed katuset\u00f6\u00f6d, sealhulgas katuse paigaldus ja remont.<\/p><\/div><\/div>\n<\/div>\n\n\n\n<div class=\"wp-block-uagb-container uagb-block-32ab2baa\">\n<div class=\"wp-block-uagb-image uagb-block-8e3729f7 wp-block-uagb-image--layout-default wp-block-uagb-image--effect-static wp-block-uagb-image--align-none\"><figure class=\"wp-block-uagb-image__figure\"><img decoding=\"async\" srcset=\"https:\/\/promigo.ee\/wp-content\/uploads\/2026\/01\/IMG_20190614_104241-scaled.jpg ,https:\/\/promigo.ee\/wp-content\/uploads\/2026\/01\/IMG_20190614_104241-scaled.jpg 780w, https:\/\/promigo.ee\/wp-content\/uploads\/2026\/01\/IMG_20190614_104241-scaled.jpg 360w\" sizes=\"auto, (max-width: 480px) 150px\" src=\"https:\/\/promigo.ee\/wp-content\/uploads\/2026\/01\/IMG_20190614_104241-scaled.jpg\" alt=\"IMG 20190614 104241 Scaled\" class=\"uag-image-17\" width=\"384\" height=\"290\" title=\"services-03\" loading=\"lazy\" role=\"img\"><\/figure><\/div>\n\n\n\n<div class=\"wp-block-uagb-info-box uagb-block-7e775245 uagb-infobox__content-wrap  uagb-infobox-icon-above-title uagb-infobox-image-valign-top\"><div class=\"uagb-ifb-content\"><div class=\"uagb-ifb-title-wrap\"><span class=\"uagb-ifb-title-prefix\">03<\/span><h3 class=\"uagb-ifb-title\">Fassaadit\u00f6\u00f6d<\/h3><\/div><p class=\"uagb-ifb-desc\">Kvaliteetsed fassaadit\u00f6\u00f6d, et t\u00f5sta teie hoone v\u00e4limust ja v\u00e4\u00e4rtust.<\/p><\/div><\/div>\n<\/div>\n<\/div><\/div>\n\n\n\n<div class=\"wp-block-uagb-container uagb-block-a79fbe43 alignfull uagb-is-root-container\"><div class=\"uagb-container-inner-blocks-wrap\"><\/div><\/div>\n\n\n\n<div class=\"wp-block-uagb-container uagb-block-6bf09454 alignfull uagb-is-root-container\"><div class=\"uagb-container-inner-blocks-wrap\">\n<div class=\"wp-block-uagb-call-to-action uagb-block-83ea0154 wp-block-button\"><div class=\"uagb-cta__wrap\"><h3 class=\"uagb-cta__title\">Valige kvaliteet ja professionaalsus<\/h3><p class=\"uagb-cta__desc\">Laske meie ekspertidel teie projekt teoks teha.<\/p><\/div><div class=\"uagb-cta__buttons\"><a href=\"\/contact\" class=\"uagb-cta__button-link-wrapper wp-block-button__link\" target=\"_self\" rel=\"noopener noreferrer\">K\u00fcsi pakkumist<\/a><\/div><\/div>\n<\/div><\/div>\n\n\n\n<div class=\"wp-block-uagb-container uagb-block-4062d932 alignfull uagb-is-root-container\"><div class=\"uagb-container-inner-blocks-wrap\">\n<div class=\"wp-block-uagb-container uagb-layout-flex uagb-block-188bf86b\">\n<div class=\"wp-block-uagb-image alignright uagb-block-4ec4096e wp-block-uagb-image--layout-default wp-block-uagb-image--effect-static wp-block-uagb-image--align-right\"><figure class=\"wp-block-uagb-image__figure\"><img decoding=\"async\" srcset=\"https:\/\/promigo.ee\/wp-content\/uploads\/2026\/01\/20240612_172142-scaled.jpg ,https:\/\/promigo.ee\/wp-content\/uploads\/2026\/01\/20240612_172142-scaled.jpg 780w, https:\/\/promigo.ee\/wp-content\/uploads\/2026\/01\/20240612_172142-scaled.jpg 360w\" sizes=\"auto, (max-width: 480px) 150px\" src=\"https:\/\/promigo.ee\/wp-content\/uploads\/2026\/01\/20240612_172142-scaled.jpg\" alt=\"20240612 172142 Scaled\" class=\"uag-image-14\" width=\"200\" height=\"150\" title=\"why-choose-us-02\" loading=\"lazy\" role=\"img\"><\/figure><\/div>\n<\/div>\n\n\n\n<div class=\"wp-block-uagb-container uagb-block-58485396\">\n<div class=\"wp-block-uagb-advanced-heading uagb-block-afddea9c\"><h2 class=\"uagb-heading-text\">Miks valida meid?<\/h2><p class=\"uagb-desc-text\">Pakume kvaliteetseid teenuseid, mis \u00fcletavad teie ootusi ja rahuldavad k\u00f5ik teie vajadused.<\/p><\/div>\n\n\n\n<div class=\"wp-block-uagb-info-box uagb-block-b0b4de7f uagb-infobox__content-wrap  uagb-infobox-icon-left-title uagb-infobox-left uagb-infobox-image-valign-top\"><div class=\"uagb-ifb-content\"><div class=\"uagb-ifb-left-title-image\"><div class=\"uagb-ifb-icon-wrap\"><svg xmlns=\"https:\/\/www.w3.org\/2000\/svg\" viewBox=\"0 0 448 512\"><path d=\"M400 288h-352c-17.69 0-32-14.32-32-32.01s14.31-31.99 32-31.99h352c17.69 0 32 14.3 32 31.99S417.7 288 400 288z\"><\/path><\/svg><\/div><div class=\"uagb-ifb-title-wrap\"><p class=\"uagb-ifb-title\">Kvaliteetne t\u00f6\u00f6<\/p><\/div><\/div><p class=\"uagb-ifb-desc\">Meie teenuste kvaliteet tagab, et teie projekt viiakse ellu professionaalselt ja t\u00e4pselt, igas detailis.<\/p><\/div><\/div>\n\n\n\n<div class=\"wp-block-uagb-info-box uagb-block-b1107157 uagb-infobox__content-wrap  uagb-infobox-icon-left-title uagb-infobox-left uagb-infobox-image-valign-top\"><div class=\"uagb-ifb-content\"><div class=\"uagb-ifb-left-title-image\"><div class=\"uagb-ifb-icon-wrap\"><svg xmlns=\"https:\/\/www.w3.org\/2000\/svg\" viewBox=\"0 0 448 512\"><path d=\"M400 288h-352c-17.69 0-32-14.32-32-32.01s14.31-31.99 32-31.99h352c17.69 0 32 14.3 32 31.99S417.7 288 400 288z\"><\/path><\/svg><\/div><div class=\"uagb-ifb-title-wrap\"><p class=\"uagb-ifb-title\">Usaldusv\u00e4\u00e4rne kogemus<\/p><\/div><\/div><p class=\"uagb-ifb-desc\">Meie komando on v\u00e4ljakujunenud professionaalide meeskond, kes on saanud tohutut kogemust kohalikul ja rahvusvahelisel turul.<\/p><\/div><\/div>\n\n\n\n<div class=\"wp-block-uagb-buttons uagb-buttons__outer-wrap uagb-btn__default-btn uagb-btn-tablet__default-btn uagb-btn-mobile__default-btn uagb-block-55c87742\"><div class=\"uagb-buttons__wrap uagb-buttons-layout-wrap \">\n<div class=\"wp-block-uagb-buttons-child uagb-buttons__outer-wrap uagb-block-ce807146 wp-block-button\"><div class=\"uagb-button__wrapper\"><a class=\"uagb-buttons-repeater wp-block-button__link\" aria-label=\"\" href=\"\/about\" rel=\"follow noopener\" target=\"_self\" role=\"button\"><div class=\"uagb-button__link\">Loe edasi<\/div><\/a><\/div><\/div>\n<\/div><\/div>\n<\/div>\n<\/div><\/div>\n\n\n\n<div class=\"wp-block-uagb-container uagb-layout-grid uagb-block-537ac0b7 alignfull uagb-is-root-container\"><div class=\"uagb-container-inner-blocks-wrap\">\n<div class=\"wp-block-uagb-container uagb-layout-grid uagb-block-95474579\">\n<div class=\"wp-block-uagb-advanced-heading uagb-block-99e463d3\"><h3 class=\"uagb-heading-text\">Faktid ja numbrid<\/h3><\/div>\n<\/div>\n\n\n\n<div class=\"wp-block-uagb-container uagb-layout-grid uagb-block-6e6186e9\">\n<div class=\"wp-block-uagb-counter uagb-block-76226e66 wp-block-uagb-counter--number\"><div class=\"wp-block-uagb-counter__number\"><span class=\"uagb-counter-block-number\" data-duration=\"1.5\" data-to-value=\"500\" data-from-value=\"0\" data-delimiter=\",\"><\/span><span class=\"uagb-counter-block-suffix\">+<\/span><\/div><div class=\"wp-block-uagb-counter__title\">Realiseeritud projekte: \u00fcle 200 erineva obkjekti, mis katab ulatuslikult Eesti eri piirkondi.<\/div><\/div>\n\n\n\n<div class=\"wp-block-uagb-counter uagb-block-290a7056 wp-block-uagb-counter--number\"><div class=\"wp-block-uagb-counter__number\"><span class=\"uagb-counter-block-number\" data-duration=\"1.5\" data-to-value=\"95\" data-from-value=\"0\" data-delimiter=\",\"><\/span><span class=\"uagb-counter-block-suffix\">%<\/span><\/div><div class=\"wp-block-uagb-counter__title\">Kliendirahulolu: 95% meie klientidest on tulemusega rahul, mis t\u00f5estab meie p\u00fchendumust kvaliteedile.<\/div><\/div>\n<\/div>\n<\/div><\/div>\n\n\n\n<div class=\"wp-block-uagb-container uagb-block-5457461d alignfull uagb-is-root-container\"><div class=\"uagb-container-inner-blocks-wrap\">\n<div class=\"wp-block-uagb-container uagb-block-a07af18f\">\n<div class=\"wp-block-uagb-info-box uagb-block-ede8d022 uagb-infobox__content-wrap  uagb-infobox-icon-above-title uagb-infobox-image-valign-top\"><div class=\"uagb-ifb-content\"><div class=\"uagb-ifb-icon-wrap\"><svg xmlns=\"https:\/\/www.w3.org\/2000\/svg\" viewBox=\"0 0 448 512\"><path d=\"M96 96C42.98 96 0 138.1 0 192s42.98 96 96 96c11.28 0 21.95-2.305 32-5.879V288c0 35.3-28.7 64-64 64c-17.67 0-32 14.33-32 32s14.33 32 32 32c70.58 0 128-57.42 128-128V192C192 138.1 149 96 96 96zM448 192c0-53.02-42.98-96-96-96s-96 42.98-96 96s42.98 96 96 96c11.28 0 21.95-2.305 32-5.879V288c0 35.3-28.7 64-64 64c-17.67 0-32 14.33-32 32s14.33 32 32 32c70.58 0 128-57.42 128-128V192z\"><\/path><\/svg><\/div><div class=\"uagb-ifb-title-wrap\"><h2 class=\"uagb-ifb-title\">Kliendi tagasiside ja arvamused<\/h2><\/div><\/div><\/div>\n<\/div>\n\n\n\n<div class=\"wp-block-uagb-container uagb-block-0c56f9ca\">\n<div class=\"wp-block-uagb-star-rating uagb-block-0cbd06da\"><div class=\"uag-star-rating\" title=\"5\/5\"><span class=\"uag-star\">\u2605<\/span><span class=\"uag-star\">\u2605<\/span><span class=\"uag-star\">\u2605<\/span><span class=\"uag-star\">\u2605<\/span><span class=\"uag-star\">\u2605<\/span><\/div><\/div>\n\n\n\n<div class=\"wp-block-uagb-info-box uagb-block-628855a3 uagb-infobox__content-wrap  uagb-infobox-icon-above-title uagb-infobox-image-valign-top\"><div class=\"uagb-ifb-content\"><div class=\"uagb-ifb-title-wrap\"><p class=\"uagb-ifb-title\">Promigo O\u00dc aitas meil meie unistuste kodu ehitada. T\u00f6\u00f6 kvaliteet ja professionaalsus on hindamatud!<\/p><\/div><p class=\"uagb-ifb-desc\">Peeter Kask<\/p><div class=\"uagb-ifb-separator\"><\/div><\/div><\/div>\n\n\n\n<div class=\"wp-block-uagb-star-rating uagb-block-05082f8c\"><div class=\"uag-star-rating\" title=\"5\/5\"><span class=\"uag-star\">\u2605<\/span><span class=\"uag-star\">\u2605<\/span><span class=\"uag-star\">\u2605<\/span><span class=\"uag-star\">\u2605<\/span><span class=\"uag-star\">\u2605<\/span><\/div><\/div>\n\n\n\n<div class=\"wp-block-uagb-info-box uagb-block-1cf48b76 uagb-infobox__content-wrap  uagb-infobox-icon-above-title uagb-infobox-image-valign-top\"><div class=\"uagb-ifb-content\"><div class=\"uagb-ifb-title-wrap\"><p class=\"uagb-ifb-title\">Olen v\u00e4ga rahul nende teenustega. Nad t\u00e4itsid k\u00f5ik meie ootused ja rohkemgi veel.<\/p><\/div><p class=\"uagb-ifb-desc\">Mati Lauri<\/p><div class=\"uagb-ifb-separator\"><\/div><\/div><\/div>\n<\/div>\n<\/div><\/div>\n\n\n\n<div class=\"wp-block-uagb-container uagb-block-2e144a4a alignfull uagb-is-root-container\"><div class=\"uagb-container-inner-blocks-wrap\">\n<div class=\"wp-block-uagb-info-box uagb-block-d62177b8 uagb-infobox__content-wrap  uagb-infobox-icon-above-title uagb-infobox-image-valign-top\"><div class=\"uagb-ifb-content\"><div class=\"uagb-ifb-title-wrap\"><p class=\"uagb-ifb-title-prefix\">\u00c4rge viivitage!<\/p><h2 class=\"uagb-ifb-title\">V\u00f5tke meiega \u00fchendust juba t\u00e4na!<\/h2><\/div><p class=\"uagb-ifb-desc\">K\u00fcsi pakkumist ja saa teada, kuidas saame aidata teie j\u00e4rgmise ehitusprojektiga.<\/p><div class=\"uagb-ifb-button-wrapper wp-block-button\"><a href=\"\/contact\/\" class=\"uagb-infobox-cta-link wp-block-button__link\" target=\"_self\" rel=\"noopener noreferrer\" onclick=\"return true;\"><span class=\"uagb-inline-editing\">K\u00fcsi pakkumist<\/span><\/a><\/div><\/div><\/div>\n<\/div><\/div>\n","protected":false},"excerpt":{"rendered":"<p>Meist Usaldusv\u00e4\u00e4rne partner ehitusturul alates 2013. aastast Promigo O\u00dc on p\u00fchendunud kvaliteedi ja kliendirahulolu tagamisele. Meie meeskond koosneb ekspertidest, kellel [&hellip;]<\/p>\n","protected":false},"author":1,"featured_media":0,"parent":0,"menu_order":0,"comment_status":"closed","ping_status":"closed","template":"","meta":{"_uag_custom_page_level_css":"","site-sidebar-layout":"default","site-content-layout":"","ast-site-content-layout":"default","site-content-style":"default","site-sidebar-style":"default","ast-global-header-display":"","ast-banner-title-visibility":"","ast-main-header-display":"","ast-hfb-above-header-display":"","ast-hfb-below-header-display":"","ast-hfb-mobile-header-display":"","site-post-title":"disabled","ast-breadcrumbs-content":"","ast-featured-img":"","footer-sml-layout":"","ast-disable-related-posts":"","theme-transparent-header-meta":"","adv-header-id-meta":"","stick-header-meta":"","header-above-stick-meta":"","header-main-stick-meta":"","header-below-stick-meta":"","astra-migrate-meta-layouts":"default","ast-page-background-enabled":"default","ast-page-background-meta":{"desktop":{"background-color":"var(--ast-global-color-4)","background-image":"","background-repeat":"repeat","background-position":"center center","background-size":"auto","background-attachment":"scroll","background-type":"","background-media":"","overlay-type":"","overlay-color":"","overlay-opacity":"","overlay-gradient":""},"tablet":{"background-color":"","background-image":"","background-repeat":"repeat","background-position":"center center","background-size":"auto","background-attachment":"scroll","background-type":"","background-media":"","overlay-type":"","overlay-color":"","overlay-opacity":"","overlay-gradient":""},"mobile":{"background-color":"","background-image":"","background-repeat":"repeat","background-position":"center center","background-size":"auto","background-attachment":"scroll","background-type":"","background-media":"","overlay-type":"","overlay-color":"","overlay-opacity":"","overlay-gradient":""}},"ast-content-background-meta":{"desktop":{"background-color":"var(--ast-global-color-5)","background-image":"","background-repeat":"repeat","background-position":"center center","background-size":"auto","background-attachment":"scroll","background-type":"","background-media":"","overlay-type":"","overlay-color":"","overlay-opacity":"","overlay-gradient":""},"tablet":{"background-color":"var(--ast-global-color-5)","background-image":"","background-repeat":"repeat","background-position":"center center","background-size":"auto","background-attachment":"scroll","background-type":"","background-media":"","overlay-type":"","overlay-color":"","overlay-opacity":"","overlay-gradient":""},"mobile":{"background-color":"var(--ast-global-color-5)","background-image":"","background-repeat":"repeat","background-position":"center center","background-size":"auto","background-attachment":"scroll","background-type":"","background-media":"","overlay-type":"","overlay-color":"","overlay-opacity":"","overlay-gradient":""}},"footnotes":""},"class_list":["post-282","page","type-page","status-publish","hentry"],"uagb_featured_image_src":{"full":false,"thumbnail":false,"medium":false,"medium_large":false,"large":false,"1536x1536":false,"2048x2048":false},"uagb_author_info":{"display_name":"promigo","author_link":"https:\/\/www.promigo.ee\/?author=1"},"uagb_comment_info":0,"uagb_excerpt":"Meist Usaldusv\u00e4\u00e4rne partner ehitusturul alates 2013. aastast Promigo O\u00dc on p\u00fchendunud kvaliteedi ja kliendirahulolu tagamisele. Meie meeskond koosneb ekspertidest, kellel [&hellip;]","_links":{"self":[{"href":"https:\/\/www.promigo.ee\/index.php?rest_route=\/wp\/v2\/pages\/282","targetHints":{"allow":["GET"]}}],"collection":[{"href":"https:\/\/www.promigo.ee\/index.php?rest_route=\/wp\/v2\/pages"}],"about":[{"href":"https:\/\/www.promigo.ee\/index.php?rest_route=\/wp\/v2\/types\/page"}],"author":[{"embeddable":true,"href":"https:\/\/www.promigo.ee\/index.php?rest_route=\/wp\/v2\/users\/1"}],"replies":[{"embeddable":true,"href":"https:\/\/www.promigo.ee\/index.php?rest_route=%2Fwp%2Fv2%2Fcomments&post=282"}],"version-history":[{"count":3,"href":"https:\/\/www.promigo.ee\/index.php?rest_route=\/wp\/v2\/pages\/282\/revisions"}],"predecessor-version":[{"id":1095,"href":"https:\/\/www.promigo.ee\/index.php?rest_route=\/wp\/v2\/pages\/282\/revisions\/1095"}],"wp:attachment":[{"href":"https:\/\/www.promigo.ee\/index.php?rest_route=%2Fwp%2Fv2%2Fmedia&parent=282"}],"curies":[{"name":"wp","href":"https:\/\/api.w.org\/{rel}","templated":true}]}}